/((-40)/15) a multiple of 34?
False
Let t(l) = 6*l - 1. Let v be t(2). Suppose k - v = -4. Let s = 22 - k. Is 15 a factor of s?
True
Suppose 5*r + 1115 = 5*g, -3*g + 7*g + r - 887 = 0. Suppose -j - 876 = -4*b, -b - j - g = -2*b. Is 35 a factor of b?
False
Let i(g) = g**2 - 4. Let a be i(-4). Let q = 8 - a. Let j = 8 - q. Is j a multiple of 3?
True
Let g = -322 + 191. Let i = -33 - g. Is 9 a factor of i?
False
Suppose 0 = 10*g - 3*g - 28. Suppose -11 = n - g*l, 0 = 4*n - 6*l + l. Suppose -n*u + 45 = -5. Is u a multiple of 6?
False
Suppose 0 = 9*u - 11*u + 270. Does 9 divide u?
True
Is 390/(-9)*(162/(-12))/9 a multiple of 65?
True
Let i = -86 + 48. Let x(t) = -t**2 + 6*t - 3. Let z be x(-5). Let a = i - z. Does 10 divide a?
True
Suppose -2*v - 8*l = -3*l + 10, -4*l - 42 = 5*v. Let t be ((-9)/(-15))/(-3)*v. Suppose f + 6 = t*f. Is 6 a factor of f?
True
Let z = -53 - -120. Let w = z - 61. Is w a multiple of 4?
False
Suppose -5 + 8 = l. Suppose 5*r - 454 = -l*o, -8*o + r + 613 = -4*o. Is o a multiple of 12?
False
Let h(k) = 4*k**2 - 5*k + 4. Let s be h(1). Let w(a) = -a**2 - a + 4. Let q(z) = -2*z**2 - 3*z + 9. Let c(f) = -3*q(f) + 5*w(f). Is 7 a factor of c(s)?
True
Let u(n) = -7*n**3 - 9*n**2 - 24*n - 3. Does 118 divide u(-7)?
False
Suppose 5*n - 384 = 2*n. Suppose 2*t = 2*b + 66, 4*b + 0*t = 5*t - n. Let u = b - -75. Does 12 divide u?
False
Let v be (0 + -18)/((-12)/(-8)). Let g = v - -11. Is -1*(-2 - (g + 21)) a multiple of 21?
False
Does 16 divide -3786*((-63)/(-18) + -4)?
False
Suppose -2*z - 4 = -16. Let c be 3*(z/(-3))/2. Let i(h) = h**2 - h - 1. Is i(c) a multiple of 5?
False
Let a(n) = 92*n - 37. Let s(t) = 31*t - 12. Let k(v) = 6*a(v) - 17*s(v). Is 22 a factor of k(6)?
True
Let f(v) = -3*v**2 - 7*v - 4. Let z be f(-6). Suppose 4*w = g + 560, -2*g - 22 = -w + 125. Let b = w + z. Is b a multiple of 23?
True
Suppose 3*s - 4*q = -6 - 26, 0 = 2*s + 3*q - 7. Does 41 divide s - -183 - (1 - 6)?
False
Let s = 798 + 1281. Is 33 a factor of s?
True
Suppose -b = 12*b - 4680. Is 13 a factor of b?
False
Let w(a) = a - 7. Let o be w(7). Suppose o = -r + 1 + 19. Is 5 a factor of r?
True
Let z be 90/24 + (-3)/(-36)*3. Let d = 49 - z. Is 15 a factor of d?
True
Let w(f) = -3*f - 18. Let c = 5 + -10. Let n = -16 - c. Does 15 divide w(n)?
True
Is 118 + (6 - -2) + -5 a multiple of 72?
False
Suppose -3*s - 2*i + 243 = 0, 4*s - 3*s - i - 81 = 0. Is s a multiple of 9?
True
Suppose -15 = 5*p, -4*p + 4 = -o + 20. Suppose k + o*k - 37 = f, -k = -3*f - 13. Suppose 0 = 12*v - k*v - 300. Does 12 divide v?
True
Suppose 0*x - 3*x = -5*f - 898, 0 = 2*x - f - 601. Suppose -4*i + x = 117. Is 17 a factor of i?
False
Suppose -18*r + 22*r = 160. Is r a multiple of 19?
False
Let j = -357 - -398. Is 9 a factor of j?
False
Let u(v) = 10*v**3 + 14*v**2 + 13*v + 11. Is 81 a factor of u(5)?
False
Does 25 divide (16796/85)/(1/15)*1?
False
Let k = -13 - -88. Suppose -312 = -z - k. Does 13 divide z?
False
Suppose -2*w + n = -17, -21 = -2*w + 2*n - 5*n. Suppose -o + 0*o + 3*i + w = 0, -i = -o + 1. Let g(b) = -b**2 - 8*b - 3. Does 8 divide g(o)?
False
Suppose -13*m + 237 = -10*m + 3*h, 0 = 4*m + 3*h - 318. Does 4 divide m?
False
Let o(t) = -t**3 + 4*t**2 - 6. Let y be o(3). Suppose 2*i - y*m = 14 + 18, 5*m + 20 = 0. Is i a multiple of 5?
True
Let n(k) = -2*k**3 - 11*k**2 + 13*k - 22. Is 17 a factor of n(-10)?
True
Suppose -2*i - 5*b = -4*i + 13, -5*i - 3*b = -17. Suppose -2*d + 56 = -i. Is 15 a factor of d?
True
Let z(b) = -3*b**3 + 11*b**2 - 3*b + 13. Let w(j) = 3*j**3 - 11*j**2 + 4*j - 12. Let x(r) = 3*w(r) + 2*z(r). Is 17 a factor of x(5)?
False
Let j = 1092 + -468. Suppose 5*t - 2*r - 912 - 127 = 0, -3*t + r = -j. Does 40 divide t?
False
Suppose 5*i + 167 = 4*c - 9, -172 = -4*c + 4*i. Suppose -s = -3*v + 31 + 71, 2*s + c = v. Suppose h + 13 = v. Is 5 a factor of h?
True
Let v(g) = g + 24. Let d be v(-25). Does 38 divide (d - -2) + -5 - (3 - 171)?
False
Suppose -x = -7*x + 18. Let q(o) = 5*o**2 + 3*o + 1. Let h(f) = -f. Let k(i) = x*h(i) + q(i). Is 3 a factor of k(1)?
True
Suppose 3*f = a + 7, 3*f = -3*a - 0*f + 15. Suppose -3*l + 5 = -5*c, -4*l - 1 = -a*l + c. Suppose 0 = n - 3*p + 2*p - 89, l = 2*n - 3*p - 174. Does 31 divide n?
True
Suppose -4*h + 917 = 3*d - 1577, 3131 = 5*h - 3*d. Does 22 divide h?
False
Suppose 0 = -q + 31 + 13. Suppose -5*l + 1 = -q. Suppose -2*g + l = -15. Is g a multiple of 12?
True
Let i(p) = 8*p + 6. Let c be (-120)/(-21) + 4/14. Suppose 2*m - 6 = c. Is i(m) a multiple of 17?
False
Suppose u + 3*v - 52 = 6*v, 0 = -u - 3*v + 76. Let n = u + 25. Is 31 a factor of n?
False
Let i(x) = x**2 - 3*x**2 + x + 2 + 0*x**2 - 2*x + 35*x**3. Does 12 divide i(1)?
False
Suppose 2 + 5 = y. Let u = -6 + y. Suppose -5*z - u = -121. Is 8 a factor of z?
True
Suppose 6 = -4*p + 6*p. Suppose -46 = -p*z + z. Does 10 divide z?
False
Suppose 31*a - 15066 = 6293. Is 13 a factor of a?
True
Suppose -16 = -8*i + 88. Does 12 divide 20/(-130) + 782/i?
True
Suppose 0 = d - 6*d + 5, 3*j + 4*d - 310 = 0. Is 27 a factor of j + 1 - (-3 + 2)?
False
Let k(o) = o**2 - 16*o + 10. Let n be k(15). Let u(q) = -q**3 - 6*q**2 - 9*q - 8. Is u(n) a multiple of 6?
True
Let s = 3360 + -1817. Does 34 divide s?
False
Let h(i) = -i**3. Let c(a) = 2*a**3 - 6*a**2 - 3*a + 3. Let y(n) = -c(n) - h(n). Let l be y(6). Let m = -2 + l. Is 5 a factor of m?
False
Let i(k) = 65*k**3 + k. Suppose 5 = 11*c - 6*c. Is i(c) a multiple of 9?
False
Suppose 18*d - 4*o + 458 = 20*d, 4*d - 2*o = 896. Does 4 divide d?
False
Suppose 3*d + 2*i = 47, 29 = d + d - i. Suppose 18*z - d*z - 189 = 0. Is 18 a factor of z?
False
Is 12 a factor of (-4)/22 - (-703612)/286?
True
Let r be ((-7)/3 + 2)*-9. Suppose -r*q + 4*f = 4, 3*q - 3 = -3*f - 0*f. Suppose q = -5*h, -2*h - 196 = -5*z - 31. Is z a multiple of 13?
False
Suppose o - 3*y = 2299, -5*o - 109*y + 11495 = -110*y. Is 19 a factor of o?
True
Suppose 137 + 36 = z. Suppose 198 = 3*g + 2*s, 2*s + 41 - z = -2*g. Is 9 a factor of g?
False
Let g be 12/(-3) + 5 - -2. Suppose -5*p + 173 = g*u + 42, 0 = 5*p - u - 143. Let i = p - -52. Is i a multiple of 20?
True
Let q be ((-18)/(-8))/((-6)/16). Let l be 16/10*(q - -11). Suppose 0 = l*g - 3*g + 4*z - 172, 49 = 2*g - 5*z. Does 5 divide g?
False
Let v be (3 - -4) + (3 + -1)*2. Does 7 divide 629/9 + v/99?
True
Let v(u) = -u**2 - 8*u + 8. Let w be v(-9). Is 172/5 + (w - (-9)/15) a multiple of 34?
True
Does 98 divide (44/11 - -1) + 262?
False
Let q be (0 + 1)/(2/(-52)). Let r = 13 - -31. Let y = q + r. Is 6 a factor of y?
True
Suppose 0 = -20*x - 10 + 1350. Is 3 a factor of x?
False
Let m(r) be the first derivative of -r**3/3 - 7*r**2/2 - 9*r - 5. Let i be m(-10). Let w = -7 - i. Does 8 divide w?
True
Let x(g) = -g**2 + 52*g + 39. Is 21 a factor of x(39)?
True
Let s(w) = -37*w + 460. Does 8 divide s(10)?
False
Let a(d) = 1467*d - 451. Does 79 divide a(3)?
True
Suppose 0 = -2*q + 3*j + j + 44, -91 = -4*q + 5*j. Suppose -a + 26 = a - 2*v, -q = -3*a - 2*v. Suppose -a = c - 2*c. Is 10 a factor of c?
True
Let v(f) = -f**3 + 25*f**2 - 23*f + 3. Let y(o) = -o**3 - 3*o**2 + 2*o - 16. Let c be y(-5). Is v(c) a multiple of 27?
True
Let q(z) = 2*z + 30. Let h be q(-10). Does 4 divide 35/h*(-180)/(-21)?
False
Suppose 0 = 3*v + 2*o - 2284, 5*v = -20*o + 17*o + 3806. Does 95 divide v?
True
Let w(m) = -m**3 - 4*m**2. Let a be w(-4). Suppose 0 = -a*v - 3*v + 45. Suppose -2*z + 61 = -v. Is 12 a factor of z?
False
Let z(d) = d**3 + 10*d**2 + d + 18. Suppose -4 - 41 = 5*l + w, -4*w = 4*l + 52. Does 12 divide z(l)?
False
Let h = 12 - 16. Let b be 2*(-1)/h*-4. Is 28/b*(-4)/8 a multiple of 2?
False
Let l = 112 + -61. Let j = l - 17. Does 12 divide j?
False
Suppose -5*m - 4 = -6*m. Suppose -d - m*t = -16, 4 = d - 5*t - 21. Is d a multiple of 20?
True
Suppose -r - 6 = 4*t, 5*r - 5 = 2*t + 9. Let w = r - -19. Let k = w + -16. Does 3 divide k?
False
Let q be 1 - (0/(-4) + 3) - -842. Suppose -3*f = -3*v + q - 312, -3*v = 3*f - 498. Is v a multiple of 39?
False
Let w(r) = 3*r**2 + 8*r + 5. Let u be w(-5). Suppose u = 4*n - 36. Is n a multiple of 12?
False
Is 1376 - (19 + -12) - (-3)/(-1) a multiple of 15?
False
Let j(d) = -d**3 - d**2 + 3*d - 72. Let l be j(0). Let p = l - -198. Does 21 divide p?
True
Let c(v) = v**3 + 10*v**2 - 12*v + 5. Let u(l) be the third derivative o